{"id":14774,"date":"2026-03-15T09:00:12","date_gmt":"2026-03-15T08:00:12","guid":{"rendered":"https:\/\/radiojadranka.hr\/?post_type=podcast&#038;p=14774"},"modified":"2026-03-14T23:35:08","modified_gmt":"2026-03-14T22:35:08","slug":"cetvrta-je-nedjeljelja-korizme-laetare","status":"publish","type":"podcast","link":"https:\/\/radiojadranka.hr\/index.php\/podcast\/cetvrta-je-nedjeljelja-korizme-laetare\/","title":{"rendered":"\u010cetvrta je nedjeljelja korizme &#8211; Laetare!"},"content":{"rendered":"<p class=\"isSelectedEnd\">Vrijeme korizme pribli\u017eava nas najve\u0107em kr\u0161\u0107anskom blagdanu \u2013 Uskrsu. U nedjelju obilje\u017eavamo <strong>\u010detvrtu korizmenu nedjelju \u2013 Laetare<\/strong>, nedjelju radosti koja nas podsje\u0107a da je Uskrs sve bli\u017ee. U novom izdanju emisije <strong>\u201eObzor nade\u201c<\/strong> govorimo upravo o zna\u010denju ove posebne korizmene nedjelje, njezinoj poruci radosti usred vremena odricanja i duhovne priprave. Poslu\u0161ajte <strong>\u201eObzor nade\u201c<\/strong> u na\u0161em programu i otkrijte za\u0161to se \u010detvrta korizmena nedjelja naziva nedjeljom radosti \u2013 <strong>Laetare<\/strong>.<\/p>\n<p><iframe title=\"150326 Obzori Nade Letare\" width=\"100%\" height=\"120\" src=\"https:\/\/www.mixcloud.com\/widget\/iframe\/?feed=https%3A%2F%2Fwww.mixcloud.com%2Fradio_jadranka%2F150326-obzori-nade-leare%2F&amp;hide_cover=1\" frameborder=\"0\" allow=\"encrypted-media; fullscreen; autoplay; idle-detection; speaker-selection; web-share;\"><\/iframe><\/p>\n<p><img fetchpriority=\"high\" decoding=\"async\" class=\"alignnone size-medium wp-image-14775\" src=\"https:\/\/radiojadranka.hr\/wp-content\/uploads\/2026\/03\/isus-ozdravlja-slijepca-770x344.jpg\" alt=\"\" width=\"770\" height=\"344\" srcset=\"https:\/\/radiojadranka.hr\/wp-content\/uploads\/2026\/03\/isus-ozdravlja-slijepca-770x344.jpg 770w, https:\/\/radiojadranka.hr\/wp-content\/uploads\/2026\/03\/isus-ozdravlja-slijepca-768x343.jpg 768w, https:\/\/radiojadranka.hr\/wp-content\/uploads\/2026\/03\/isus-ozdravlja-slijepca.jpg 1106w\" sizes=\"(max-width: 770px) 100vw, 770px\" \/><\/p>\n<p>&nbsp;<\/p>\n","protected":false},"author":2,"featured_media":14775,"template":"","tags":[],"podcastfilter":[94],"class_list":["post-14774","podcast","type-podcast","status-publish","has-post-thumbnail","hentry","podcastfilter-vjerski-program"],"aioseo_notices":[],"_links":{"self":[{"href":"https:\/\/radiojadranka.hr\/index.php\/wp-json\/wp\/v2\/podcast\/14774","targetHints":{"allow":["GET"]}}],"collection":[{"href":"https:\/\/radiojadranka.hr\/index.php\/wp-json\/wp\/v2\/podcast"}],"about":[{"href":"https:\/\/radiojadranka.hr\/index.php\/wp-json\/wp\/v2\/types\/podcast"}],"author":[{"embeddable":true,"href":"https:\/\/radiojadranka.hr\/index.php\/wp-json\/wp\/v2\/users\/2"}],"wp:featuredmedia":[{"embeddable":true,"href":"https:\/\/radiojadranka.hr\/index.php\/wp-json\/wp\/v2\/media\/14775"}],"wp:attachment":[{"href":"https:\/\/radiojadranka.hr\/index.php\/wp-json\/wp\/v2\/media?parent=14774"}],"wp:term":[{"taxonomy":"post_tag","embeddable":true,"href":"https:\/\/radiojadranka.hr\/index.php\/wp-json\/wp\/v2\/tags?post=14774"},{"taxonomy":"podcastfilter","embeddable":true,"href":"https:\/\/radiojadranka.hr\/index.php\/wp-json\/wp\/v2\/podcastfilter?post=14774"}],"curies":[{"name":"wp","href":"https:\/\/api.w.org\/{rel}","templated":true}]}}

Četvrta je nedjeljelja korizme &#8211; Laetare!

<p class="isSelectedEnd">Vrijeme korizme približava nas najvećem kršćanskom blagdanu – Uskrsu. U nedjelju obilježavamo <strong>četvrtu korizmenu nedjelju – Laetare</strong>, nedjelju radosti koja nas podsjeća da je Uskrs sve bliže. U novom izdanju emisije <strong>„Obzor nade“</strong> govorimo upravo o značenju ove posebne korizmene nedjelje, njezinoj poruci radosti usred vremena odricanja i duhovne priprave. Poslušajte <strong>„Obzor nade“</strong> u našem programu i otkrijte zašto se četvrta korizmena nedjelja naziva nedjeljom radosti – <strong>Laetare</strong>.</p>
<p><iframe title="150326 Obzori Nade Letare" width="100%" height="120" src="https://www.mixcloud.com/widget/iframe/?feed=https%3A%2F%2Fwww.mixcloud.com%2Fradio_jadranka%2F150326-obzori-nade-leare%2F&amp;hide_cover=1" frameborder="0" allow="encrypted-media; fullscreen; autoplay; idle-detection; speaker-selection; web-share;"></iframe></p>
<p><img fetchpriority="high" decoding="async" class="alignnone size-medium wp-image-14775" src="https://radiojadranka.hr/wp-content/uploads/2026/03/isus-ozdravlja-slijepca-770x344.jpg" alt="" width="770" height="344" srcset="https://radiojadranka.hr/wp-content/uploads/2026/03/isus-ozdravlja-slijepca-770x344.jpg 770w, https://radiojadranka.hr/wp-content/uploads/2026/03/isus-ozdravlja-slijepca-768x343.jpg 768w, https://radiojadranka.hr/wp-content/uploads/2026/03/isus-ozdravlja-slijepca.jpg 1106w" sizes="(max-width: 770px) 100vw, 770px" /></p>
<p>&nbsp;</p>
