{"id":2163,"date":"2020-04-15T14:19:56","date_gmt":"2020-04-15T14:19:56","guid":{"rendered":"https:\/\/demo.pro.radio\/wp12\/members\/abram-sturgis\/"},"modified":"2024-03-20T09:47:55","modified_gmt":"2024-03-20T08:47:55","slug":"alfred-peraic","status":"publish","type":"members","link":"https:\/\/radiojadranka.hr\/index.php\/members\/alfred-peraic\/","title":{"rendered":"Alfred Perai\u0107"},"content":{"rendered":"<h4>My Favourite Quote<\/h4>\n<blockquote><p>\u201c\u0160to ne boli nije \u017eivot. \u0160to ne prolazi nije sre\u0107a.\u201d ~ Ivo Andri\u0107<\/p><\/blockquote>\n<p>&nbsp;<\/p>\n<p>&nbsp;<\/p>\n","protected":false},"featured_media":8732,"menu_order":1,"template":"","class_list":["post-2163","members","type-members","status-publish","has-post-thumbnail","hentry","membertype-music-editor"],"aioseo_notices":[],"_links":{"self":[{"href":"https:\/\/radiojadranka.hr\/index.php\/wp-json\/wp\/v2\/members\/2163","targetHints":{"allow":["GET"]}}],"collection":[{"href":"https:\/\/radiojadranka.hr\/index.php\/wp-json\/wp\/v2\/members"}],"about":[{"href":"https:\/\/radiojadranka.hr\/index.php\/wp-json\/wp\/v2\/types\/members"}],"version-history":[{"count":3,"href":"https:\/\/radiojadranka.hr\/index.php\/wp-json\/wp\/v2\/members\/2163\/revisions"}],"predecessor-version":[{"id":8734,"href":"https:\/\/radiojadranka.hr\/index.php\/wp-json\/wp\/v2\/members\/2163\/revisions\/8734"}],"wp:featuredmedia":[{"embeddable":true,"href":"https:\/\/radiojadranka.hr\/index.php\/wp-json\/wp\/v2\/media\/8732"}],"wp:attachment":[{"href":"https:\/\/radiojadranka.hr\/index.php\/wp-json\/wp\/v2\/media?parent=2163"}],"curies":[{"name":"wp","href":"https:\/\/api.w.org\/{rel}","templated":true}]}}

Alfred Peraić

<h4>My Favourite Quote</h4>
<blockquote><p>“Što ne boli nije život. Što ne prolazi nije sreća.” ~ Ivo Andrić</p></blockquote>
<p>&nbsp;</p>
<p>&nbsp;</p>
